alculate the remainder when 58589667 is divided by 161.
157
Calculate the remainder when 1200304 is divided by 593.
72
Calculate the remainder when 427143 is divided by 106673.
451
Calculate the remainder when 1867184 is divided by 932644.
1896
Calculate the remainder when 122348 is divided by 1859.
1513
What is the remainder when 11149537 is divided by 11602?
15
Calculate the remainder when 51978 is divided by 44356.
7622
What is the remainder when 60329 is divided by 149?
133
Calculate the remainder when 1090356 is divided by 3506.
3496
What is the remainder when 2731639 is divided by 54?
49
Calculate the remainder when 557749 is divided by 1129.
23
What is the remainder when 4652946 is divided by 32?
18
Calculate the remainder when 269430 is divided by 151.
46
Calculate the remainder when 123519 is divided by 30876.
15
Calculate the remainder when 4079168 is divided by 348.
260
What is the remainder when 5724635 is divided by 68?
55
What is the remainder when 273806 is divided by 468?
26
What is the remainder when 2059748 is divided by 6076?
6060
What is the remainder when 31098 is divided by 104?
2
What is the remainder when 1756148 is divided by 448?
436
What is the remainder when 4622001 is divided by 30?
21
Calculate the remainder when 965239 is divided by 53621.
61
What is the remainder when 7752960 is divided by 9864?
9720
Calculate the remainder when 98079862 is divided by 447.
16
Calculate the remainder when 7728257 is divided by 394.
341
What is the remainder when 33723 is divided by 2041?
1067
Calculate the remainder when 73457137 is divided by 21.
19
Calculate the remainder when 7055706 is divided by 54.
12
What is the remainder when 20139 is divided by 3336?
123
Calculate the remainder when 1180120 is divided by 1180111.
9
What is the remainder when 25325964 is divided by 8441984?
12
Calculate the remainder when 2876496 is divided by 1595.
711
Calculate the remainder when 1243839 is divided by 248722.
229
Calculate the remainder when 234749 is divided by 239.
51
Calculate the remainder when 322434705 is divided by 141.
135
What is the remainder when 46641 is divided by 46584?
57
Calculate the remainder when 8895721 is divided by 864.
841
What is the remainder when 700868 is divided by 17?
9
What is the remainder when 72828208 is divided by 103?
101
Calculate the remainder when 155220 is divided by 319.
186
What is the remainder when 32761921 is divided by 49?
31
Calculate the remainder when 10733 is divided by 1531.
16
What is the remainder when 27668440 is divided by 311?
14
What is the remainder when 11431 is divided by 86?
79
What is the remainder when 74185770 is divided by 74185765?
5
Calculate the remainder when 169527 is divided by 84752.
23
What is the remainder when 3181221 is divided by 356?
5
Calculate the remainder when 24265134 is divided by 23.
19
Calculate the remainder when 17878023 is divided by 187.
75
Calculate the remainder when 28994360 is divided by 5762.
5738
What is the remainder when 77234282 is divided by 9967?
9966
What is the remainder when 2507529 is divided by 78305?
1769
What is the remainder when 16344203 is divided by 86?
75
What is the remainder when 87040753 is divided by 89?
88
Calculate the remainder when 33977 is divided by 6577.
1092
What is the remainder when 110435 is divided by 3403?
1539
Calculate the remainder when 906585 is divided by 60425.
210
Calculate the remainder when 22444223 is divided by 82515.
143
What is the remainder when 247860 is divided by 474?
432
What is the remainder when 24694 is divided by 21402?
3292
Calculate the remainder when 10256005 is divided by 1281999.
13
Calculate the remainder when 51897904 is divided by 558.
556
Calculate the remainder when 4673226 is divided by 73019.
10
What is the remainder when 899756 is divided by 12?
8
Calculate the remainder when 497686 is divided by 497634.
52
What is the remainder when 8233015 is divided by 77?
21
Calculate the remainder when 2401785 is divided by 1503.
1494
Calculate the remainder when 92478 is divided by 46194.
90
What is the remainder when 30550189 is divided by 5270?
5269
What is the remainder when 28364201 is divided by 801?
791
Calculate the remainder when 258636 is divided by 74.
6
What is the remainder when 1393957 is divided by 572?
565
Calculate the remainder when 3672191 is divided by 292.
291
Calculate the remainder when 130484 is divided by 6863.
87
What is the remainder when 88368 is divided by 1319?
1314
What is the remainder when 100905746 is divided by 1867?
1864
Calculate the remainder when 273575 is divided by 5066.
11
What is the remainder when 26062586 is divided by 1033?
1029
Calculate the remainder when 17092045 is divided by 80.
45
What is the remainder when 30475427 is divided by 10?
7
What is the remainder when 6025020 is divided by 8?
4
Calculate the remainder when 1043003 is divided by 347652.
47
Calculate the remainder when 10120202 is divided by 97.
95
What is the remainder when 954809 is divided by 4380?
4349
Calculate the remainder when 120508 is divided by 5054.
4266
What is the remainder when 73480 is divided by 333?
220
Calculate the remainder when 91754 is divided by 91417.
337
What is the remainder when 405231 is divided by 31162?
125
Calculate the remainder when 20846674 is divided by 36.
10
Calculate the remainder when 11632231 is divided by 3224.
39
Calculate the remainder when 287694171 is divided by 3566.
3555
Calculate the remainder when 2813437 is divided by 1586.
1459
What is the remainder when 233534 is divided by 1180?
1074
Calculate the remainder when 24207320 is divided by 155175.
20
Calculate the remainder when 85223324 is divided by 1697.
1681
What is the remainder when 898387 is divided by 897719?
668
Calculate the remainder when 118357267 is divided by 95.
92
Calculate the remainder when 21833 is divided by 4275.
458
What is the remainder when 515867 is divided by 567?
464
What is the remainder when 2665526 is divided by 363?
17
What is the remainder when 19030 is divided by 5885?
1375
What is the remainder when 416629 is divided by 37871?
48
What is the remainder when 339449878 is divided by 168?
166
What is the remainder when 64869867 is divided by 64869829?
38
What is the remainder when 4798951 is divided by 5319?
1213
Calculate the remainder when 24596432 is divided by 12298215.
2
Calculate the remainder when 6350959 is divided by 8945.
9
What is the remainder when 170408734 is divided by 62?
60
Calculate the remainder when 738622 is divided by 1918.
192
What is the remainder when 3251581 is divided by 924?
25
Calculate the remainder when 812606 is divided by 135.
41
Calculate the remainder when 22804370 is divided by 2464.
50
Calculate the remainder when 21836857 is divided by 250998.
31
Calculate the remainder when 105233 is divided by 1504.
1457
Calculate the remainder when 10387795 is divided by 296794.
5
Calculate the remainder when 943086 is divided by 2173.
4
What is the remainder when 379820 is divided by 5990?
2450
What is the remainder when 313773546 is divided by 4910?
4906
Calculate the remainder when 117796058 is divided by 9816338.
2
What is the remainder when 88521451 is divided by 235?
6
Calculate the remainder when 526798 is divided by 175589.
31
Calculate the remainder when 141506926 is divided by 72.
70
What is the remainder when 881432 is divided by 81?
71
Calculate the remainder when 188677447 is divided by 25.
22
What is the remainder when 4890791 is divided by 341?
169
What is the remainder when 9927018 is divided by 746?
742
Calculate the remainder when 2313579 is divided by 6.
3
Calculate the remainder when 550107 is divided by 21075.
2157
Calculate the remainder when 936913 is divided by 324.
229
Calculate the remainder when 8315465 is divided by 9158.
1
Calculate the remainder when 15995975 is divided by 657.
653
What is the remainder when 9029808 is divided by 460?
8
What is the remainder when 616922 is divided by 4168?
58
Calculate the remainder when 65122 is divided by 3778.
896
What is the remainder when 123732 is divided by 754?
76
What is the remainder when 5839817 is divided by 1569?
1568
Calculate the remainder when 507570 is divided by 22.
8
Calculate the remainder when 3579181 is divided by 5034.
7
What is the rem